**2 + 9*c + 7. Let o be u(5). Suppose 9 - o = 3*t. Let n(i) = -i**2 - 5*i + 2. Let f be n(t). Let q(x) = x**3 + 4*x**2 - 2*x - 2. Give q(f).
6
Let u(s) = 12*s**3 - 16*s**2 - 43. Let g(v) = 7*v**3 - 9*v**2 - 21. Let a(f) = 7*g(f) - 4*u(f). Calculate a(0).
25
Suppose -6*s = -8*s - 18. Let w(d) = -d**2 - 10*d - 6. What is w(s)?
3
Let b(n) be the third derivative of -n**6/15 + n**5/60 + n**4/24 + n**3/6 + 282*n**2 - 6*n. Suppose 0 = -v - 2 + 1. Give b(v).
9
Let u(o) be the second derivative of -o**5/20 - o**4/3 + o**3/3 - 3*o**2/2 - 169*o. Let d(q) = q**3 - q**2 - 4. Let c be d(0). What is u(c)?
-11
Let p(g) be the first derivative of -g**4/4 + 3*g**3 - 4*g**2 + 9*g - 93. Calculate p(8).
9
Let m(o) = -4 + 7*o + 24*o**3 - 12*o + 20*o**3 - 45*o**3 + 7*o**2. Calculate m(6).
2
Let m(x) = -x**2 - 14*x. Suppose u + 2*n = 6*u + 62, -3*u + n - 38 = 0. What is m(u)?
0
Let w(k) = 6*k**3 - 5*k**2 + 3*k + 7. Let q(o) = -11*o**3 + 9*o**2 - 5*o - 12. Let t(l) = -3*q(l) - 5*w(l). Give t(-1).
-4
Let n(o) = 6*o - 2. Let k = 891 - 888. Calculate n(k).
16
Suppose p + 8 = -0. Let h = 22 + -11. Let a be p + h - (9 + 1). Let v(m) = m**2 + 7*m - 8. Calculate v(a).
-8
Let v(b) = b - 13. Let x be v(17). Let r(a) = a**2 - 6*a - 3. What is r(x)?
-11
Let d(f) = 8*f - 3. Let y be (1 + (-3)/7)/(31/217). Calculate d(y).
29
Let z be (209/(-19))/((1 + -2)/2). Let a(g) = z*g + 2 - 10*g - 6 - 11*g. What is a(2)?
-2
Let p(o) = 4 + o + 0 - 3 + 1. Let x(u) = -6*u - 25. Let t be x(-5). Give p(t).
7
Let b be 0 + -2 - (0 + -8). Suppose -j + b*j = f + 22, -4*f + 3*j = 54. Let x = 14 + f. Let p(l) = 4*l - 1. Give p(x).
7
Let q(t) = 8*t. Let l be 54/3*8/6. Let x = l - 24. Let g be (-12)/(-6) + x + -3. What is q(g)?
-8
Suppose 7*m - 3 = -2*f + 4*m, 0 = 2*f + 4*m - 4. Suppose 3*c + 2*z + f*z = 34, 5*c = -z + 45. Let s(x) = -x**3 + 7*x**2 + 6*x + 10. Determine s(c).
-6
Let y(f) be the third derivative of f**6/120 + f**5/10 + 5*f**4/24 + 5*f**3/6 + 5*f**2 + f. Calculate y(-5).
5
Let l = 164 - 160. Let y(r) = 1. Let b(f) = f + 6. Let d(k) = b(k) - 6*y(k). What is d(l)?
4
Let f(p) be the second derivative of 12*p + 3/2*p**2 - 1/3*p**3 + 0. Determine f(3).
-3
Let t(z) = 5*z + 1. Let o = -1183 + 1186. Suppose -l + 5*d = 23, -l = -4*l + 5*d - 19. Let h = l - o. What is t(h)?
-4
Let p(j) = -6*j - 3. Let k be p(-28). Let c(d) = 9*d - 327 + 161 + k. Give c(-3).
-28
Suppose -8*l = -14*l + 18. Let f(d) be the third derivative of d**5/60 - d**4/6 + d**3/2 + 4*d**2. What is f(l)?
0
Let s(g) = g**2 - 5*g + 2. Let b be s(5). Suppose 3*u - 14 = -b, -5*r - 52 = -3*u. Let l = 11 + r. Let d(j) = 2*j**2 - 5*j + 4. Give d(l).
7
Let i(s) = 4*s - 2. Let w = 26 - 76. Let z = w - -48. Calculate i(z).
-10
Let g(c) = 2*c**3 - 10*c**2 + c - 3. Let k be g(5). Let q(r) = -7*r**2 + 4*r - 3. Determine q(k).
-23
Suppose -2*x - 20 = 4*u, -12*x = -14*x - u - 14. Let v(r) = 2*r + 18. What is v(x)?
6
Let q be 57/9 + -2 + 16/6. Suppose -z = z + 4*s + 14, 3*s + q = 2*z. Let d(w) = 24*w - 1. Determine d(z).
-25
Let y(m) = -670 + 13*m + 0*m**2 + 671 - m**2. Calculate y(12).
13
Let x(j) = -j - 10. Let y be x(-7). Let w be (y - -6) + -1 - -1. Let c(a) = -4 + w - 4 + 3 - a. Calculate c(-4).
2
Suppose -199*l + 194*l + 15 = 0. Let f(d) be the second derivative of 7/12*d**4 + 4*d**2 - 1/20*d**5 + 0 - 5*d - 4/3*d**l. Determine f(6).
-4
Let l(r) = 2*r**3 + 4*r**2 - 6*r. Let o(d) = -d**3 - 2*d**2 + 3*d. Suppose 8*t + 36 = 2*t. Let g(m) = t*l(m) - 11*o(m). Calculate g(-3).
0
Suppose -12 = -3*r - 69. Let k be r/(-4) + 12/(-16). Let w(d) = 3*d**2 + 3*d**2 - k - d**2 - d**3 + 8*d - 3. Give w(6).
5
Let j(l) = -2*l**3 - 5*l**2 + l + 3. Suppose 0 = 22*p - 38 + 82. Determine j(p).
-3
Let q(v) be the second derivative of 0 + 14*v + 1/3*v**3 + 4*v**2. Calculate q(-8).
-8
Let l(g) = 6*g**2 + 4*g**2 + 235*g - 242*g + 1 + 6 - 11*g**2. Give l(-7).
7
Let a(t) = 2*t**2 + 2*t - 3. Let n be (-12)/(-21)*35/10. Calculate a(n).
9
Let f(a) = a**2 + 3*a + 7. Let q(m) = -m + 1. Let o(g) = f(g) + 2*q(g). Let i(d) = -d**3 + d. Let c be i(0). What is o(c)?
9
Let h(b) = -b**3 - 6*b**2 + 8*b - 5. Suppose 349 + 113 = -77*j. Determine h(j).
-53
Suppose -5*f = 232 - 257. Let b(w) be the second derivative of w**3/3 + 3*w**2 - 5*w. What is b(f)?
16
Suppose -6 = -7*s - 27. Let w(f) = f**2 + 8*f**3 - 4*f + 1 - 7*f**3 - 1. Give w(s).
-6
Let c(b) = b**2 + 4*b + 5. Let d = -123 - -240. Suppose -3*f - j + 3 = -68, -5*f - 3*j = -d. Let r be (-11)/55 - f/5. What is c(r)?
10
Let t(u) = 2*u + 2. Let p be 49 - (1/2)/((-1)/(-6)). Let a = p - 40. Give t(a).
14
Let p(z) = z - 12. Let u(y) = y**2 + 11*y + 15. Let w be (4/12)/((-2)/(-30)). Let q be (4 - w)/((-2)/(-20)). Let s be u(q). Determine p(s).
-7
Suppose -5 = 3*v + 4. Let b be v/(18/4)*6. Let n(a) = 3*a - 3*a - 2*a - 3. Calculate n(b).
5
Let s(c) = 3*c + 13. Let j(w) = 25*w + 318. Let d be j(-13). Calculate s(d).
-8
Let k(l) = -3*l + 1. Let m(s) = -s - 3. Let r(t) = -k(t) + m(t). What is r(7)?
10
Let n(p) be the third derivative of p**5/60 + p**4/4 - p**3/3 + p**2. Suppose 4*b = -2*f - 24 + 4, f - 2 = 4*b. Determine n(f).
-2
Let m(b) = -4*b - 4. Let o be -3 + (12 - (-1 - -2)). Let l(a) = -a**3 + 8*a**2 - 3. Let g be l(o). Calculate m(g).
8
Suppose 2*k - 4*q = -0 - 2, -5*k - 2*q = 41. Let g(y) be the first derivative of y**3/3 + 4*y**2 + y + 3. Give g(k).
-6
Suppose -4*t - 5*y = 10, 0*t - 10 = -2*t + 5*y. Let m(l) = -7*l**2 - 6*l**2 - 5*l**2 + 19*l**2 + 4. What is m(t)?
4
Let n(g) = -g**2 + 20*g - 58. Let p be n(17). Let b(z) = -z**2 - 5*z + 3. Calculate b(p).
-11
Let a(j) = 25*j**2 + 20*j - 3. Let g(v) = 11*v**2 + 10*v - 1. Let z(n) = -4*a(n) + 9*g(n). What is z(11)?
-8
Let t be (-4)/(-20) + (-58)/(-10). Suppose -5*m = -4*h + t + 46, -2*h = -2*m - 22. Let w = m + 6. Let j(l) = -l**3 - 2. Calculate j(w).
6
Let b(w) be the first derivative of w**3/3 - 13*w**2/2 + 8*w + 46. Suppose 31*h = 30*h + 13. What is b(h)?
8
Let a(l) = l**3 + l**2 + 2*l + 3. Let u be 1/((-4)/12*11 - -4). Suppose -4*n = -3*f + u - 1, n = -4*f - 10. Determine a(n).
-5
Let i(f) be the first derivative of -f**6/120 + f**5/10 + f**4/24 + 5*f**3/6 + 4*f**2 - 23. Let z(h) be the second derivative of i(h). Determine z(6).
11
Suppose 2*x = 9 - 17. Let b be x/4*(0 - 1). Let z(w) = b - 2 + 9*w + 4 - 8*w. Give z(-4).
-1
Suppose 3*i + 1 = 34. Let n(r) = -7 + 8 - 4 + r**2 - 5 + i*r. What is n(-11)?
-8
Let f(u) be the first derivative of -14*u**2 - u + 73. Determine f(1).
-29
Let y = -22 - -26. Let c(u) = -y + u**3 - 3*u - 3*u**2 + u**2 + 4*u. Give c(3).
8
Let i(k) = k**2 - 6*k - 1. Let s(u) = u + 1. Let y(l) = 2*l**2 + 2*l + 5. Let b(d) = -4*s(d) + y(d). Let x be b(2). Suppose 16 = x*j - 14. Determine i(j).
-1
Let k(x) = 3*x + 1. Let t(g) = -2*g - 84. Let f(n) = 3*k(n) - t(n). Determine f(-8).
-1
Let k be 84/63*18/8. Let c(h) = h**3 - 5*h**2 + 3*h + 1. Calculate c(k).
-8
Let l(a) = a**3 + 3*a**2 - 5*a + 2. Let i(o) = -2*o + 1 + 4*o + o + 3*o. Let s be i(1). Let x(k) = -3*k + 17. Let y be x(s). Give l(y).
6
Let k(y) be the first derivative of 2*y**2 + 384. Suppose -5*p + 5*r = -0*p - 20, r = -2*p - 7. Give k(p).
-4
Let u be 22/(-66) + 24/9*-1. Let n(d) = 7*d**3 - 5*d**2 - 3*d - 3. Let a(g) = -3*g**3 + 2*g**2 + 2*g + 1. Let t(p) = -5*a(p) - 2*n(p). Calculate t(u).
-14
Let m(a) = -4*a - 1 + a**3 - 6*a**2 - 3*a + 22*a**2 - 10*a**2. Calculate m(-6).
41
Let l(p) = -p + 2. Let q(h) = 6*h - 10. Let t(k) = -k**2 + 10*k - 13. Let x be t(6). Let y(m) = x*l(m) + 2*q(m). Calculate y(6).
8
Let f(i) = -10*i - i**3 + 8 + 2 + 0*i**2 + 8 - 12*i**2. Let o be f(-11). Let l(p) = p**3 - 6*p**2 - 6*p - 10. Determine l(o).
-3
Let c(d) = d**2 + d + 1. Let n(y) = y**3 + 2*y**2 - 11*y - 4. Let m(g) = 4*c(g) + n(g). Let p(j) = -3*j + 20. Let i be p(9). Calculate m(i).
0
Let c(l) = -l**3 + 5*l**2 - 2*l + 6. Let v(n) = -n**2 - 9*n + 3. Let o be v(-7). Let u = o - 6. Let b = u + -6. What is c(b)?
-4
Let m = 313 + -307. Let r(l) = 0*l - 4 - l**2 + l + 5*l. What is r(m)?
-4
Suppose 3*k - 3 = 2*k. Let a(q) be the second derivative of 1/2*q**3 + 0 - 1/12*q**4 + 0*q**2 - 36*q. Give a(k).
0
Let h(f) = -12*f**2 + 5*f + 13. Let m(l) = 5*l**2 - 2*l - 5. Let w(g) = 2*h(g) + 5*m(g). Let z = -1 + 2. Let o = z - 1. What is w(o)?
1
Let d(c) be the third derivative of 5*c**4/24 - c**3/2 - 15*c**2. Suppose l = -4*h - 5